{"id":8572,"date":"2021-03-21T15:04:36","date_gmt":"2021-03-21T12:04:36","guid":{"rendered":"https:\/\/www.amerikandiliedebiyati.com\/?page_id=8572"},"modified":"2026-01-08T22:22:00","modified_gmt":"2026-01-08T19:22:00","slug":"egitim-sistemi","status":"publish","type":"page","link":"https:\/\/elitekampus.com\/?page_id=8572","title":{"rendered":"E\u011fitim Sistemi"},"content":{"rendered":"<p>[vc_row css=&#8221;.vc_custom_1613249760677{padding-bottom: 120px !important;background-image: url(https:\/\/www.amerikandiliedebiyati.com\/wp-content\/uploads\/2021\/02\/Anasayfa-1.jpg?id=7500) !important;}&#8221;][vc_column][vc_empty_space height=&#8221;62px&#8221;][vc_column_text]<\/p>\n<h1><span style=\"color: #ffffff;\"><strong>E\u011fitim Sistemi<\/strong><\/span><\/h1>\n<p>[\/vc_column_text][vc_column_text]<span style=\"color: #ffffff;\">Elite Foreign Languages, e\u011fitim sistemi, dil \u00f6\u011frenimi rastgele ilerleyen bir s\u00fcre\u00e7 olmaktan \u00e7\u0131kararak planl\u0131, \u00f6l\u00e7\u00fclebilir ve s\u00fcrd\u00fcr\u00fclebilir bir yap\u0131ya d\u00f6n\u00fc\u015ft\u00fcrmek amac\u0131yla tasarlanm\u0131\u015ft\u0131r. Sistem kullan\u0131c\u0131n\u0131n seviyesine ve \u00f6\u011frenme h\u0131z\u0131na uyum sa\u011flayacak \u015fekilde yap\u0131land\u0131r\u0131lm\u0131\u015ft\u0131r.<\/span>[\/vc_column_text][\/vc_column][\/vc_row][vc_row css=&#8221;.vc_custom_1767892922484{margin-top: -50px !important;padding-top: 100px !important;padding-bottom: 70px !important;}&#8221;][vc_column]<style>.ld_tabs_69def3fcacf42 .tabs-nav > li > a{font-size:17px;font-weight:400;color:rgb(0, 0, 0);}.ld_tabs_69def3fcacf42 .tabs-nav > li.active > a, .ld_tabs_69def3fcacf42 .tabs-nav > li:hover > a{color:rgb(0, 0, 0);}.ld_tabs_69def3fcacf42 .tabs-nav li.active .tabs-nav-icon{color:-webkit-linear-gradient(90deg, rgb(222, 82, 124) 0%, #830bee 100%);color:linear-gradient(90deg, rgb(222, 82, 124) 0%, #830bee 100%);}.ld_tabs_69def3fcacf42 .tabs-nav li:after{background:-webkit-linear-gradient(90deg, rgb(222, 82, 124) 0%, #830bee 100%);background:linear-gradient(90deg, rgb(222, 82, 124) 0%, #830bee 100%);}<\/style><div class=\"tabs tabs tabs-nav-centered tabs-nav-underlined tabs-nav-active-underlined tabs-nav-lg ld_tabs_69def3fcacf42\" >\n\t<ul class=\"nav tabs-nav\" role=\"tablist\"><li role=\"presentation\" class=\"font-weight-semibold active\"><a href=\"#1533026199621-94d7bc08-4b10ae7c-906b\" aria-expanded=\"false\" aria-controls=\"1533026199621-94d7bc08-4b10ae7c-906b\" role=\"tab\" data-toggle=\"tab\">Seviye Bazl\u0131 Yap\u0131 (A1 \u2013 C1)<\/a><\/li><li role=\"presentation\" class=\"font-weight-semibold\"><a href=\"#ld-1533037151532-2e8173de-6928ae7c-906b\" aria-expanded=\"false\" aria-controls=\"ld-1533037151532-2e8173de-6928ae7c-906b\" role=\"tab\" data-toggle=\"tab\">Planl\u0131 ve Sistemli \u0130lerleme<\/a><\/li><li role=\"presentation\" class=\"font-weight-semibold\"><a href=\"#ld-1533037165723-e17bdd13-7af5ae7c-906b\" aria-expanded=\"false\" aria-controls=\"ld-1533037165723-e17bdd13-7af5ae7c-906b\" role=\"tab\" data-toggle=\"tab\">\u00d6l\u00e7me ve De\u011ferlendirme<\/a><\/li><li role=\"presentation\" class=\"font-weight-semibold\"><a href=\"#1767892757111-da728c68-d1af\" aria-expanded=\"false\" aria-controls=\"1767892757111-da728c68-d1af\" role=\"tab\" data-toggle=\"tab\">Esnek Kullan\u0131m<\/a><\/li><li role=\"presentation\" class=\"font-weight-semibold\"><a href=\"#1767892767461-7f6416ea-4617\" aria-expanded=\"false\" aria-controls=\"1767892767461-7f6416ea-4617\" role=\"tab\" data-toggle=\"tab\">Uzun Vadeli Eri\u015fim<\/a><\/li><li role=\"presentation\" class=\"font-weight-semibold\"><a href=\"#1767892776796-6002838b-5816\" aria-expanded=\"false\" aria-controls=\"1767892776796-6002838b-5816\" role=\"tab\" data-toggle=\"tab\">Tek Dil Odakl\u0131 \u0130lerleme<\/a><\/li><li role=\"presentation\" class=\"font-weight-semibold\"><a href=\"#1767892787926-0a32a7b8-47fd\" aria-expanded=\"false\" aria-controls=\"1767892787926-0a32a7b8-47fd\" role=\"tab\" data-toggle=\"tab\">Dijital Uyum<\/a><\/li><li role=\"presentation\" class=\"font-weight-semibold\"><a href=\"#1767892798695-2e649b3a-c70c\" aria-expanded=\"false\" aria-controls=\"1767892798695-2e649b3a-c70c\" role=\"tab\" data-toggle=\"tab\">E\u011fitim Yakla\u015f\u0131m\u0131n\u0131n Temeli<\/a><\/li><\/ul>\t<div class=\"tabs-content\"><div id=\"1533026199621-94d7bc08-4b10ae7c-906b\" role=\"tabpanel\" class=\"tabs-pane fade active in\"><p>[vc_column_text]E\u011fitim s\u00fcreci, Avrupa Dil Portf\u00f6y\u00fc (CEFR) kriterlerine uygun olarak\u00a0<strong>A1\u2019den C1 seviyesine kadar<\/strong>\u00a0kademeli \u015fekilde ilerler. Her seviye kendi i\u00e7inde belirli kazan\u0131mlar ve \u00f6l\u00e7\u00fcm kriterleri i\u00e7erir.<\/p>\n<p>Kullan\u0131c\u0131, mevcut seviyesine uygun noktadan ba\u015flar ve bir sonraki seviyeye\u00a0<strong>kontroll\u00fc \u015fekilde<\/strong>\u00a0ge\u00e7er.[\/vc_column_text]<\/p>\n<\/div><div id=\"ld-1533037151532-2e8173de-6928ae7c-906b\" role=\"tabpanel\" class=\"tabs-pane fade\"><p>[vc_column_text]E\u011fitim i\u00e7erikleri geli\u015fig\u00fczel de\u011fil, belirli bir m\u00fcfredat ve s\u0131ra dahilinde sunulur. Bu yap\u0131 sayesinde \u00f6\u011frenme s\u00fcreci:<\/p>\n<p>Par\u00e7al\u0131 ve da\u011f\u0131n\u0131k olmaz<\/p>\n<p>Takip edilebilir hale gelir<\/p>\n<p>Yar\u0131m b\u0131rakma oran\u0131 d\u00fc\u015fer<\/p>\n<p>Ama\u00e7, k\u0131sa s\u00fcrede \u00e7ok i\u00e7erik t\u00fcketmek de\u011fil;\u00a0<strong>kal\u0131c\u0131 \u00f6\u011frenme<\/strong>\u00a0sa\u011flamakt\u0131r.[\/vc_column_text]<\/p>\n<\/div><div id=\"ld-1533037165723-e17bdd13-7af5ae7c-906b\" role=\"tabpanel\" class=\"tabs-pane fade\"><p>[vc_column_text]Her seviyede ilerleme, \u00f6l\u00e7me ve de\u011ferlendirme ara\u00e7lar\u0131yla takip edilir. Kullan\u0131c\u0131;<\/p>\n<ul>\n<li>Hangi konularda ilerledi\u011fini<\/li>\n<li>Hangi alanlarda tekrar yapmas\u0131 gerekti\u011fini<\/li>\n<li>Genel geli\u015fim durumunu<\/li>\n<\/ul>\n<p>net \u015fekilde g\u00f6rebilir. Bu sayede e\u011fitim s\u00fcreci somut verilerle desteklenir.[\/vc_column_text]<\/p>\n<\/div><div id=\"1767892757111-da728c68-d1af\" role=\"tabpanel\" class=\"tabs-pane fade\"><p>[vc_column_text]E\u011fitim sistemi, kullan\u0131c\u0131lar\u0131n g\u00fcnl\u00fck ya\u015fam d\u00fczenine uyum sa\u011flayacak \u015fekilde tasarlanm\u0131\u015ft\u0131r. Sabit saat zorunlulu\u011fu olmadan, kullan\u0131c\u0131 kendi zaman planlamas\u0131n\u0131 yapabilir.<\/p>\n<p>Bu esneklik, \u00f6zellikle \u00e7al\u0131\u015fanlar ve yo\u011fun program\u0131 olan bireyler i\u00e7in s\u00fcrecin s\u00fcrd\u00fcr\u00fclebilir olmas\u0131n\u0131 sa\u011flar.[\/vc_column_text]<\/p>\n<\/div><div id=\"1767892767461-7f6416ea-4617\" role=\"tabpanel\" class=\"tabs-pane fade\"><p>[vc_column_text]<\/p>\n<div class=\"vc_row wpb_row vc_row-fluid wpb_animate_when_almost_visible wpb_bounceInRight bounceInRight vc_custom_1767723335102 vc_row-has-fill wpb_start_animation animated\">\n<div class=\"wpb_column vc_column_container vc_col-sm-12\">\n<div class=\"vc_column-inner\">\n<div class=\"wpb_wrapper\">\n<div class=\"wpb_text_column wpb_content_element\">\n<div class=\"wpb_wrapper\">\n<p>E\u011fitim sistemi k\u0131sa s\u00fcreli kullan\u0131m \u00fczerine de\u011fil,\u00a0<strong>uzun vadeli \u00f6\u011frenme<\/strong>\u00a0mant\u0131\u011f\u0131yla kurgulanm\u0131\u015ft\u0131r. Kullan\u0131c\u0131, \u00f6\u011frendi\u011fi konulara tekrar d\u00f6nebilir ve kendi ilerleme h\u0131z\u0131na g\u00f6re s\u00fcreci y\u00f6netebilir.<\/p>\n<\/div>\n<\/div>\n<\/div>\n<\/div>\n<\/div>\n<\/div>\n<div class=\"vc_row wpb_row vc_row-fluid wpb_animate_when_almost_visible wpb_bounceInRight bounceInRight wpb_start_animation animated\">\n<div class=\"wpb_column vc_column_container vc_col-sm-12\">\n<div class=\"vc_column-inner\">\n<div class=\"wpb_wrapper\"><\/div>\n<\/div>\n<\/div>\n<\/div>\n<p>[\/vc_column_text]<\/p>\n<\/div><div id=\"1767892776796-6002838b-5816\" role=\"tabpanel\" class=\"tabs-pane fade\"><p>[vc_column_text]Her e\u011fitim paketi\u00a0<strong>tek bir dil<\/strong>\u00a0\u00fczerine odaklan\u0131r. Bu yakla\u015f\u0131m, \u00f6\u011frenme s\u00fcrecinin da\u011f\u0131lmas\u0131n\u0131 \u00f6nler ve hedef dile tam odaklanmay\u0131 sa\u011flar.<\/p>\n<p>Ama\u00e7; y\u00fczeysel bilgi de\u011fil, se\u00e7ilen dilde\u00a0<strong>ger\u00e7ek ilerleme<\/strong>\u00a0sa\u011flamakt\u0131r.[\/vc_column_text]<\/p>\n<\/div><div id=\"1767892787926-0a32a7b8-47fd\" role=\"tabpanel\" class=\"tabs-pane fade\"><p>[vc_column_text]<\/p>\n<div class=\"vc_row wpb_row vc_row-fluid wpb_animate_when_almost_visible wpb_bounceInRight bounceInRight vc_custom_1767723343071 vc_row-has-fill wpb_start_animation animated\">\n<div class=\"wpb_column vc_column_container vc_col-sm-12\">\n<div class=\"vc_column-inner\">\n<div class=\"wpb_wrapper\">\n<div class=\"wpb_text_column wpb_content_element\">\n<div class=\"wpb_wrapper\">\n<p>E\u011fitim sistemi; bilgisayar, tablet ve mobil cihazlarla uyumlu \u015fekilde \u00e7al\u0131\u015f\u0131r. Kullan\u0131c\u0131, bulundu\u011fu ortamdan ba\u011f\u0131ms\u0131z olarak sisteme eri\u015febilir.<\/p>\n<\/div>\n<\/div>\n<\/div>\n<\/div>\n<\/div>\n<\/div>\n<div class=\"vc_row wpb_row vc_row-fluid wpb_animate_when_almost_visible wpb_bounceInRight bounceInRight wpb_start_animation animated\">\n<div class=\"wpb_column vc_column_container vc_col-sm-12\">\n<div class=\"vc_column-inner\">\n<div class=\"wpb_wrapper\"><\/div>\n<\/div>\n<\/div>\n<\/div>\n<p>[\/vc_column_text]<\/p>\n<\/div><div id=\"1767892798695-2e649b3a-c70c\" role=\"tabpanel\" class=\"tabs-pane fade\"><p>[vc_column_text]<\/p>\n<div class=\"wpb_text_column wpb_content_element\">\n<div class=\"wpb_wrapper\">\n<p>Elite Foreign Languages e\u011fitim sistemi;<\/p>\n<p>Planl\u0131 ilerleme<\/p>\n<p>\u00d6l\u00e7\u00fclebilir geli\u015fim<\/p>\n<p>Uzun vadeli \u00f6\u011frenme<\/p>\n<p>\u015eeffaf ve kontrol edilebilir s\u00fcre\u00e7<\/p>\n<p>ilkeleri \u00fczerine kuruludur.<\/p>\n<p>Dil \u00f6\u011frenimini bir vaat de\u011fil,\u00a0<strong>y\u00f6netilebilir bir s\u00fcre\u00e7<\/strong>\u00a0haline getirir.<\/p>\n<\/div>\n<\/div>\n<p>[\/vc_column_text]<\/p>\n<\/div><\/div><\/div>\n[\/vc_column][\/vc_row]<\/p>\n","protected":false},"excerpt":{"rendered":"<p>[vc_row css=&#8221;.vc_custom_1613249760677{padding-bottom: 120px !important;background-image: url(https:\/\/www.amerikandiliedebiyati.com\/wp-content\/uploads\/2021\/02\/Anasayfa-1.jpg?id=7500) !important;}&#8221;][vc_column][vc_empty_space height=&#8221;62px&#8221;][vc_column_text] E\u011fitim Sistemi [\/vc_column_text][vc_column_text]Elite Foreign Languages, e\u011fitim sistemi, dil&#8230;<\/p>\n","protected":false},"author":1,"featured_media":0,"parent":0,"menu_order":0,"comment_status":"closed","ping_status":"closed","template":"","meta":{"_joinchat":[],"footnotes":""},"class_list":["post-8572","page","type-page","status-publish","hentry"],"_links":{"self":[{"href":"https:\/\/elitekampus.com\/index.php?rest_route=\/wp\/v2\/pages\/8572","targetHints":{"allow":["GET"]}}],"collection":[{"href":"https:\/\/elitekampus.com\/index.php?rest_route=\/wp\/v2\/pages"}],"about":[{"href":"https:\/\/elitekampus.com\/index.php?rest_route=\/wp\/v2\/types\/page"}],"author":[{"embeddable":true,"href":"https:\/\/elitekampus.com\/index.php?rest_route=\/wp\/v2\/users\/1"}],"replies":[{"embeddable":true,"href":"https:\/\/elitekampus.com\/index.php?rest_route=%2Fwp%2Fv2%2Fcomments&post=8572"}],"version-history":[{"count":2,"href":"https:\/\/elitekampus.com\/index.php?rest_route=\/wp\/v2\/pages\/8572\/revisions"}],"predecessor-version":[{"id":9302,"href":"https:\/\/elitekampus.com\/index.php?rest_route=\/wp\/v2\/pages\/8572\/revisions\/9302"}],"wp:attachment":[{"href":"https:\/\/elitekampus.com\/index.php?rest_route=%2Fwp%2Fv2%2Fmedia&parent=8572"}],"curies":[{"name":"wp","href":"https:\/\/api.w.org\/{rel}","templated":true}]}}