{"id":7305,"date":"2021-01-30T21:45:09","date_gmt":"2021-01-30T18:45:09","guid":{"rendered":"https:\/\/www.amerikandiliedebiyati.com\/?page_id=7305"},"modified":"2026-02-11T12:47:13","modified_gmt":"2026-02-11T09:47:13","slug":"bize-ulasin","status":"publish","type":"page","link":"https:\/\/elitekampus.com\/?page_id=7305","title":{"rendered":"\u0130leti\u015fim"},"content":{"rendered":"<p>[vc_row content_placement=&#8221;bottom&#8221; parallax=&#8221;enable_parallax&#8221; css=&#8221;.vc_custom_1611649201518{padding-top: 280px !important;background-image: url(https:\/\/www.amerikandiliedebiyati.com\/wp-content\/uploads\/2021\/01\/slide-dmeo.jpg?id=6982) !important;background-position: 0 0;background-repeat:-repeat;}&#8221;][vc_column width=&#8221;2\/3&#8243; css=&#8221;.vc_custom_1533038530979{margin-bottom: -5px !important;padding-top: 60px !important;padding-right: 15px !important;padding-bottom: 5px !important;padding-left: 15px !important;background-color: #fcfdfd !important;border-radius: 5px !important;}&#8221; offset=&#8221;vc_col-md-12&#8243;][vc_row_inner responsive_css=&#8221;margin_right_large:100px|margin_left_large:100px|margin_right_medium:25px|margin_left_medium:25px|margin_right_small:10px|margin_left_small:10px&#8221;][vc_column_inner width=&#8221;1\/2&#8243; enable_content_animation=&#8221;yes&#8221; ca_init_scale_x=&#8221;1&#8243; ca_init_scale_y=&#8221;1&#8243; ca_init_scale_z=&#8221;1&#8243; ca_init_opacity=&#8221;0&#8243; ca_an_scale_x=&#8221;1&#8243; ca_an_scale_y=&#8221;1&#8243; ca_an_scale_z=&#8221;1&#8243; ca_an_opacity=&#8221;1&#8243; ca_duration=&#8221;1200&#8243; ca_init_translate_y=&#8221;31&#8243;][vc_column_text]<\/p>\n<h1>\u0130leti\u015fim<\/h1>\n<p>[\/vc_column_text][vc_empty_space][vc_column_text]Elite Foreign Languages e\u011fitim sistemi, dil \u00f6\u011frenimini rastgele ilerleyen bir s\u00fcre\u00e7 olmaktan \u00e7\u0131kararak <strong>planl\u0131, \u00f6l\u00e7\u00fclebilir ve s\u00fcrd\u00fcr\u00fclebilir<\/strong> bir yap\u0131ya d\u00f6n\u00fc\u015ft\u00fcrmek amac\u0131yla tasarlanm\u0131\u015ft\u0131r. Sistem, kullan\u0131c\u0131n\u0131n seviyesine ve \u00f6\u011frenme h\u0131z\u0131na uyum sa\u011flayacak \u015fekilde yap\u0131land\u0131r\u0131lm\u0131\u015ft\u0131r.[\/vc_column_text]<style>.ld_spacer_69deefb5dc1c2{height:15px;}<\/style>\n<div class=\"ld-empty-space ld_spacer_69deefb5dc1c2\"><span class=\"liquid_empty_space_inner\"><\/span><\/div>[\/vc_column_inner][vc_column_inner width=&#8221;1\/2&#8243; enable_content_animation=&#8221;yes&#8221; ca_init_scale_x=&#8221;1&#8243; ca_init_scale_y=&#8221;1&#8243; ca_init_scale_z=&#8221;1&#8243; ca_init_opacity=&#8221;0&#8243; ca_an_scale_x=&#8221;1&#8243; ca_an_scale_y=&#8221;1&#8243; ca_an_scale_z=&#8221;1&#8243; ca_an_opacity=&#8221;1&#8243; css=&#8221;.vc_custom_1612174037274{padding-bottom: 30px !important;}&#8221; ca_duration=&#8221;1200&#8243; ca_delay=&#8221;150&#8243; ca_init_translate_y=&#8221;33&#8243; responsive_css=&#8221;padding_bottom_medium:0px&#8221;][vc_single_image image=&#8221;8417&#8243; img_size=&#8221;full&#8221; alignment=&#8221;center&#8221; style=&#8221;vc_box_rounded&#8221; enable_opacity=&#8221;yes&#8221; opacity=&#8221;0.6&#8243; css_animation=&#8221;fadeInLeft&#8221;][\/vc_column_inner][\/vc_row_inner][\/vc_column][\/vc_row][vc_row][vc_column][vc_empty_space][\/vc_column][\/vc_row][vc_row css=&#8221;.vc_custom_1767897153353{padding-top: 100px !important;padding-bottom: 60px !important;}&#8221;][vc_column enable_content_animation=&#8221;yes&#8221; ca_init_scale_x=&#8221;1&#8243; ca_init_scale_y=&#8221;1&#8243; ca_init_scale_z=&#8221;1&#8243; ca_init_opacity=&#8221;0&#8243; ca_an_scale_x=&#8221;1&#8243; ca_an_scale_y=&#8221;1&#8243; ca_an_scale_z=&#8221;1&#8243; ca_an_opacity=&#8221;1&#8243; offset=&#8221;vc_col-md-6&#8243; ca_init_translate_x=&#8221;-60&#8243; ca_duration=&#8221;1200&#8243;][vc_column_text]<\/p>\n<h2><strong>Elite Foreign Languages E\u011fitim Yay\u0131nc\u0131l\u0131k Ltd. \u015eti.<\/strong><\/h2>\n<p>Telefon \/ WhatsApp: <strong>0850 840 08 94<\/strong><br \/>\n\u00c7al\u0131\u015fma Saatleri:\u00a0 \u00a0 \u00a0 \u00a0 <strong>Hafta i\u00e7i 10.00 \u2013 16.00<br \/>\n<\/strong>Email Adresi:\u00a0 \u00a0 \u00a0 \u00a0 \u00a0 \u00a0 \u00a0<strong>eliteforeignlanguagesegitim@hs01.kep.tr<br \/>\n<\/strong>[\/vc_column_text]<style>.ld_spacer_69deefb5dc27c{height:20px;}<\/style>\n<div class=\"ld-empty-space ld_spacer_69deefb5dc27c\"><span class=\"liquid_empty_space_inner\"><\/span><\/div>[vc_separator color=&#8221;custom&#8221; align=&#8221;align_left&#8221; el_width=&#8221;20&#8243; accent_color=&#8221;#ff8e32&#8243;][\/vc_column][vc_column offset=&#8221;vc_col-md-6&#8243;][vc_column_text]<strong>\u0130leti\u015fim formu arac\u0131l\u0131\u011f\u0131yla bize yazabilirsiniz en k\u0131sa s\u00fcrede size geri d\u00f6n\u00fc\u015f sa\u011fl\u0131yaca\u011f\u0131z\u00a0<\/strong>[\/vc_column_text]\n                <div class='gf_browser_gecko gform_wrapper' id='gform_wrapper_1001' ><div id='gf_1001' class='gform_anchor' tabindex='-1'><\/div><form method='post' enctype='multipart\/form-data' target='gform_ajax_frame_1001' id='gform_1001'  action='\/index.php?rest_route=%2Fwp%2Fv2%2Fpages%2F7305#gf_1001'>\n                        <div class='gform_body'><ul id='gform_fields_1001' class='gform_fields top_label form_sublabel_below description_below'><li id='field_1001_5'  class='gfield field_sublabel_below field_description_below gfield_visibility_visible' ><label class='gfield_label' for='input_1001_5' >Ad Soyad<\/label><div class='ginput_container ginput_container_text'><input name='input_5' id='input_1001_5' type='text' value='' class='large'   tabindex='30'   aria-invalid=\"false\" \/><\/div><\/li><li id='field_1001_2'  class='gfield gf_left_half field_sublabel_below field_description_below gfield_visibility_visible' ><label class='gfield_label' for='input_1001_2' >Email<\/label><div class='ginput_container ginput_container_email'>\n                            <input name='input_2' id='input_1001_2' type='text' value='' class='medium' tabindex='31'    aria-invalid=\"false\" \/>\n                        <\/div><\/li><li id='field_1001_3'  class='gfield gf_right_half field_sublabel_below field_description_below gfield_visibility_visible' ><label class='gfield_label' for='input_1001_3' >Telefon<\/label><div class='ginput_container ginput_container_phone'><input name='input_3' id='input_1001_3' type='text' value='' class='medium' tabindex='32'   aria-invalid=\"false\"  \/><\/div><\/li><li id='field_1001_4'  class='gfield field_sublabel_below field_description_below gfield_visibility_visible' ><label class='gfield_label' for='input_1001_4' >Mesaj\u0131n\u0131z<\/label><div class='ginput_container ginput_container_textarea'><textarea name='input_4' id='input_1001_4' class='textarea medium' tabindex='33'     aria-invalid=\"false\"   rows='10' cols='50'><\/textarea><\/div><\/li>\n                            <\/ul><\/div>\n        <div class='gform_footer top_label'> <input type='submit' id='gform_submit_button_1001' class='gform_button button' value='G\u00f6nder' tabindex='34' onclick='if(window[\"gf_submitting_1001\"]){return false;}  window[\"gf_submitting_1001\"]=true;  ' onkeypress='if( event.keyCode == 13 ){ if(window[\"gf_submitting_1001\"]){return false;} window[\"gf_submitting_1001\"]=true;  jQuery(\"#gform_1001\").trigger(\"submit\",[true]); }' \/> <input type='hidden' name='gform_ajax' value='form_id=3&amp;title=&amp;description=&amp;tabindex=30' \/>\n            <input type='hidden' class='gform_hidden' name='is_submit_3' value='1' \/>\n            <input type='hidden' class='gform_hidden' name='gform_submit' value='3' \/>\n            \n            <input type='hidden' class='gform_hidden' name='gform_unique_id' value='' \/>\n            <input type='hidden' class='gform_hidden' name='state_3' value='WyJbXSIsImMzNGNjYjI4YzU1YjU3N2JmMTgzMmU4ZmIxOTcyY2RiIl0=' \/>\n            <input type='hidden' class='gform_hidden' name='gform_target_page_number_3' id='gform_target_page_number_1001' value='0' \/>\n            <input type='hidden' class='gform_hidden' name='gform_source_page_number_3' id='gform_source_page_number_1001' value='1' \/>\n            <input type='hidden' name='gform_field_values' value='' \/>\n            \n        <\/div>\n                        <input type=\"hidden\" name=\"sv_gravity_forms_enhancer_modules_settings_multi_instances_form_id\" value=\"1001\" \/><\/form>\n                        <\/div>\n                <iframe style='display:none;width:0px;height:0px;' src='about:blank' name='gform_ajax_frame_1001' id='gform_ajax_frame_1001' title='Bu iframe, Ajax destekli Gravity Forms i\u015flemleri i\u00e7in gereken mant\u0131\u011f\u0131 i\u00e7erir.'><\/iframe>\n                [\/vc_column][\/vc_row][vc_row][vc_column][vc_empty_space][\/vc_column][\/vc_row]<\/p>\n","protected":false},"excerpt":{"rendered":"<p>[vc_row content_placement=&#8221;bottom&#8221; parallax=&#8221;enable_parallax&#8221; css=&#8221;.vc_custom_1611649201518{padding-top: 280px !important;background-image: url(https:\/\/www.amerikandiliedebiyati.com\/wp-content\/uploads\/2021\/01\/slide-dmeo.jpg?id=6982) !important;background-position: 0 0;background-repeat:-repeat;}&#8221;][vc_column width=&#8221;2\/3&#8243; css=&#8221;.vc_custom_1533038530979{margin-bottom: -5px !important;padding-top: 60px&#8230;<\/p>\n","protected":false},"author":1,"featured_media":0,"parent":0,"menu_order":0,"comment_status":"closed","ping_status":"closed","template":"","meta":{"_joinchat":[],"footnotes":""},"class_list":["post-7305","page","type-page","status-publish","hentry"],"_links":{"self":[{"href":"https:\/\/elitekampus.com\/index.php?rest_route=\/wp\/v2\/pages\/7305","targetHints":{"allow":["GET"]}}],"collection":[{"href":"https:\/\/elitekampus.com\/index.php?rest_route=\/wp\/v2\/pages"}],"about":[{"href":"https:\/\/elitekampus.com\/index.php?rest_route=\/wp\/v2\/types\/page"}],"author":[{"embeddable":true,"href":"https:\/\/elitekampus.com\/index.php?rest_route=\/wp\/v2\/users\/1"}],"replies":[{"embeddable":true,"href":"https:\/\/elitekampus.com\/index.php?rest_route=%2Fwp%2Fv2%2Fcomments&post=7305"}],"version-history":[{"count":8,"href":"https:\/\/elitekampus.com\/index.php?rest_route=\/wp\/v2\/pages\/7305\/revisions"}],"predecessor-version":[{"id":9433,"href":"https:\/\/elitekampus.com\/index.php?rest_route=\/wp\/v2\/pages\/7305\/revisions\/9433"}],"wp:attachment":[{"href":"https:\/\/elitekampus.com\/index.php?rest_route=%2Fwp%2Fv2%2Fmedia&parent=7305"}],"curies":[{"name":"wp","href":"https:\/\/api.w.org\/{rel}","templated":true}]}}