{"id":7152,"date":"2021-01-22T11:47:10","date_gmt":"2021-01-22T08:47:10","guid":{"rendered":"https:\/\/www.amerikandiliedebiyati.com\/?page_id=7152"},"modified":"2026-01-08T22:22:09","modified_gmt":"2026-01-08T19:22:09","slug":"kurumsal","status":"publish","type":"page","link":"https:\/\/elitekampus.com\/?page_id=7152","title":{"rendered":"Kurumsal"},"content":{"rendered":"<p>[vc_row content_placement=&#8221;bottom&#8221; parallax=&#8221;enable_parallax&#8221; css=&#8221;.vc_custom_1611649201518{padding-top: 280px !important;background-image: url(https:\/\/www.amerikandiliedebiyati.com\/wp-content\/uploads\/2021\/01\/slide-dmeo.jpg?id=6982) !important;background-position: 0 0;background-repeat:-repeat;}&#8221;][vc_column width=&#8221;2\/3&#8243; css=&#8221;.vc_custom_1533038530979{margin-bottom: -5px !important;padding-top: 60px !important;padding-right: 15px !important;padding-bottom: 5px !important;padding-left: 15px !important;background-color: #fcfdfd !important;border-radius: 5px !important;}&#8221; offset=&#8221;vc_col-md-12&#8243;][vc_row_inner responsive_css=&#8221;margin_right_large:100px|margin_left_large:100px|margin_right_medium:25px|margin_left_medium:25px|margin_right_small:10px|margin_left_small:10px&#8221;][vc_column_inner width=&#8221;1\/2&#8243; enable_content_animation=&#8221;yes&#8221; ca_init_scale_x=&#8221;1&#8243; ca_init_scale_y=&#8221;1&#8243; ca_init_scale_z=&#8221;1&#8243; ca_init_opacity=&#8221;0&#8243; ca_an_scale_x=&#8221;1&#8243; ca_an_scale_y=&#8221;1&#8243; ca_an_scale_z=&#8221;1&#8243; ca_an_opacity=&#8221;1&#8243; ca_duration=&#8221;1200&#8243; ca_init_translate_y=&#8221;31&#8243;][vc_column_text]<\/p>\n<h1>Hakk\u0131m\u0131zda<\/h1>\n<p>[\/vc_column_text][vc_column_text]Elite Foreign Languages, online dil e\u011fitimi alan\u0131nda\u00a0<strong>planl\u0131, \u00f6l\u00e7\u00fclebilir ve s\u00fcrd\u00fcr\u00fclebilir<\/strong>\u00a0\u00f6\u011frenme \u00e7\u00f6z\u00fcmleri sunmak amac\u0131yla kurulmu\u015ftur.<\/p>\n<p>G\u00fcn\u00fcm\u00fczde bir\u00e7ok dil e\u011fitimi; k\u0131sa s\u00fcreli, kontrols\u00fcz ve tamamlanamayan s\u00fcre\u00e7ler \u00fczerine kuruludur. Elite Foreign Languages olarak amac\u0131m\u0131z; kullan\u0131c\u0131lar\u0131n dili yar\u0131m b\u0131rakmadan,\u00a0<strong>seviye bazl\u0131 ve sistemli<\/strong>\u00a0bir yap\u0131 i\u00e7erisinde \u00f6\u011frenmesini sa\u011flamakt\u0131r.<\/p>\n<p>[\/vc_column_text]<style>.ld_spacer_69def458b6a6c{height:15px;}<\/style>\n<div class=\"ld-empty-space ld_spacer_69def458b6a6c\"><span class=\"liquid_empty_space_inner\"><\/span><\/div>[\/vc_column_inner][vc_column_inner width=&#8221;1\/2&#8243; enable_content_animation=&#8221;yes&#8221; ca_init_scale_x=&#8221;1&#8243; ca_init_scale_y=&#8221;1&#8243; ca_init_scale_z=&#8221;1&#8243; ca_init_opacity=&#8221;0&#8243; ca_an_scale_x=&#8221;1&#8243; ca_an_scale_y=&#8221;1&#8243; ca_an_scale_z=&#8221;1&#8243; ca_an_opacity=&#8221;1&#8243; css=&#8221;.vc_custom_1612174037274{padding-bottom: 30px !important;}&#8221; ca_duration=&#8221;1200&#8243; ca_delay=&#8221;150&#8243; ca_init_translate_y=&#8221;33&#8243; responsive_css=&#8221;padding_bottom_medium:0px&#8221;][vc_single_image image=&#8221;8174&#8243; img_size=&#8221;full&#8221; alignment=&#8221;center&#8221; style=&#8221;vc_box_rounded&#8221; enable_opacity=&#8221;yes&#8221; opacity=&#8221;0.6&#8243; css_animation=&#8221;fadeInLeft&#8221;][\/vc_column_inner][\/vc_row_inner][\/vc_column][\/vc_row][vc_row][vc_column][vc_empty_space][vc_column_text]Sunmu\u015f oldu\u011fumuz e\u011fitim modeli; bireysel ilerlemeye uygun, esnek kullan\u0131m sunan ve geli\u015fimi \u00f6l\u00e7\u00fclebilir hale getiren bir altyap\u0131 \u00fczerine kuruludur. Bu sayede kullan\u0131c\u0131lar\u0131m\u0131z, kendi h\u0131zlar\u0131nda ancak\u00a0<strong>belirli bir sistem dahilinde<\/strong> ilerleme imk\u00e2n\u0131 bulur. Elite Foreign Languages, \u015feffaf fiyatland\u0131rma politikas\u0131, a\u00e7\u0131k ileti\u015fim anlay\u0131\u015f\u0131 ve s\u00f6zle\u015fmeli sat\u0131\u015f sistemi ile g\u00fcvenilir bir e\u011fitim deneyimi sunmay\u0131 hedefler.[\/vc_column_text][\/vc_column][\/vc_row][vc_row][vc_column][\/vc_column][\/vc_row][vc_row css=&#8221;.vc_custom_1533026529405{padding-top: 100px !important;padding-bottom: 70px !important;}&#8221;][vc_column]<style>.ld_tabs_69def458b6fc8 .tabs-nav > li > a{font-size:17px;font-weight:400;color:rgb(0, 0, 0);}.ld_tabs_69def458b6fc8 .tabs-nav > li.active > a, .ld_tabs_69def458b6fc8 .tabs-nav > li:hover > a{color:rgb(0, 0, 0);}.ld_tabs_69def458b6fc8 .tabs-nav li.active .tabs-nav-icon{color:-webkit-linear-gradient(90deg, rgb(222, 82, 124) 0%, #830bee 100%);color:linear-gradient(90deg, rgb(222, 82, 124) 0%, #830bee 100%);}.ld_tabs_69def458b6fc8 .tabs-nav li:after{background:-webkit-linear-gradient(90deg, rgb(222, 82, 124) 0%, #830bee 100%);background:linear-gradient(90deg, rgb(222, 82, 124) 0%, #830bee 100%);}<\/style><div class=\"tabs tabs tabs-nav-centered tabs-nav-underlined tabs-nav-active-underlined tabs-nav-lg ld_tabs_69def458b6fc8\" >\n\t<ul class=\"nav tabs-nav\" role=\"tablist\"><li role=\"presentation\" class=\"font-weight-semibold active\"><a href=\"#ld-1612390840536-16a88b0c-486763ff-6c06c3af-bac1\" aria-expanded=\"false\" aria-controls=\"ld-1612390840536-16a88b0c-486763ff-6c06c3af-bac1\" role=\"tab\" data-toggle=\"tab\">Misyonumuz &amp; Vizyonumuz<\/a><\/li><li role=\"presentation\" class=\"font-weight-semibold\"><a href=\"#ld-1612390840774-2f107b1f-fbf963ff-6c06c3af-bac1\" aria-expanded=\"false\" aria-controls=\"ld-1612390840774-2f107b1f-fbf963ff-6c06c3af-bac1\" role=\"tab\" data-toggle=\"tab\">E\u011fitim Yakla\u015f\u0131m\u0131m\u0131z<\/a><\/li><li role=\"presentation\" class=\"font-weight-semibold\"><a href=\"#ld-1612390842095-804417bb-8d2863ff-6c06c3af-bac1\" aria-expanded=\"false\" aria-controls=\"ld-1612390842095-804417bb-8d2863ff-6c06c3af-bac1\" role=\"tab\" data-toggle=\"tab\">G\u00fcven ve \u015eeffafl\u0131k<\/a><\/li><li role=\"presentation\" class=\"font-weight-semibold\"><a href=\"#1767878493194-d8c2d7ac-bc1a\" aria-expanded=\"false\" aria-controls=\"1767878493194-d8c2d7ac-bc1a\" role=\"tab\" data-toggle=\"tab\">Sertifika S\u00fcreci<\/a><\/li><\/ul>\t<div class=\"tabs-content\"><div id=\"ld-1612390840536-16a88b0c-486763ff-6c06c3af-bac1\" role=\"tabpanel\" class=\"tabs-pane fade active in\"><p>[vc_column_text]Elite Foreign Languages e\u011fitim modeli;<\/p>\n<ul>\n<li>Seviye bazl\u0131 ilerleme (A1\u2013C1)<\/li>\n<li>\u00d6l\u00e7me ve de\u011ferlendirme odakl\u0131 yap\u0131<\/li>\n<li>Bireysel \u00f6\u011frenme h\u0131z\u0131na uygun sistem<\/li>\n<li>Uzun vadeli eri\u015fim imk\u00e2n\u0131<\/li>\n<\/ul>\n<p>\u00fczerine kuruludur.<\/p>\n<p>Bu yakla\u015f\u0131m sayesinde dil e\u011fitimi, rastgele ilerleyen bir s\u00fcre\u00e7 olmaktan \u00e7\u0131karak\u00a0<strong>kontrol edilebilir ve takip edilebilir<\/strong>\u00a0bir yap\u0131ya d\u00f6n\u00fc\u015f\u00fcr.[\/vc_column_text]<\/p>\n<\/div><div id=\"ld-1612390840774-2f107b1f-fbf963ff-6c06c3af-bac1\" role=\"tabpanel\" class=\"tabs-pane fade\"><p>[vc_column_text]Elite Foreign Languages e\u011fitim modeli;<\/p>\n<ul>\n<li>Seviye bazl\u0131 ilerleme (A1\u2013C1)<\/li>\n<li>\u00d6l\u00e7me ve de\u011ferlendirme odakl\u0131 yap\u0131<\/li>\n<li>Bireysel \u00f6\u011frenme h\u0131z\u0131na uygun sistem<\/li>\n<li>Uzun vadeli eri\u015fim imk\u00e2n\u0131<\/li>\n<\/ul>\n<p>\u00fczerine kuruludur.<\/p>\n<p>Bu yakla\u015f\u0131m sayesinde dil e\u011fitimi, rastgele ilerleyen bir s\u00fcre\u00e7 olmaktan \u00e7\u0131karak\u00a0<strong>kontrol edilebilir ve takip edilebilir<\/strong>\u00a0bir yap\u0131ya d\u00f6n\u00fc\u015f\u00fcr.[\/vc_column_text]<\/p>\n<\/div><div id=\"ld-1612390842095-804417bb-8d2863ff-6c06c3af-bac1\" role=\"tabpanel\" class=\"tabs-pane fade\"><p>[vc_column_text]Elite Foreign Languages;<\/p>\n<ul>\n<li>Mesafeli Sat\u0131\u015f Y\u00f6netmeli\u011fi<\/li>\n<li>KVKK (6698 Say\u0131l\u0131 Ki\u015fisel Verilerin Korunmas\u0131 Kanunu)<\/li>\n<li>T\u00fcketicinin Korunmas\u0131 Hakk\u0131nda Kanun<\/li>\n<\/ul>\n<p>kapsam\u0131nda hizmet sunar.<\/p>\n<p>Sat\u0131n alma s\u00fcreci, \u00f6n bilgilendirme formu ve mesafeli sat\u0131\u015f s\u00f6zle\u015fmesi ile resm\u00ee olarak y\u00fcr\u00fct\u00fcl\u00fcr. T\u00fcm paket i\u00e7erikleri ve kullan\u0131m \u015fartlar\u0131 kullan\u0131c\u0131ya a\u00e7\u0131k \u015fekilde sunulur.[\/vc_column_text]<\/p>\n<\/div><div id=\"1767878493194-d8c2d7ac-bc1a\" role=\"tabpanel\" class=\"tabs-pane fade\"><p>[vc_column_text]<\/p>\n<p><main><\/main><\/p>\n<section class=\"section-base\">\n<div class=\"container\">\n<div class=\"wpb-content-wrapper\">\n<div class=\"vc_row wpb_row vc_row-fluid\">\n<div class=\"wpb_column vc_column_container vc_col-sm-12\">\n<div class=\"vc_column-inner\">\n<div class=\"wpb_wrapper\">\n<div class=\"wpb_text_column wpb_content_element\">\n<div class=\"wpb_wrapper\">\n<p>E\u011fitim tamamland\u0131\u011f\u0131nda, ilgili program kapsam\u0131nda sertifika s\u00fcreci ba\u015flat\u0131l\u0131r. Sertifika ko\u015fullar\u0131; program i\u00e7eri\u011fi, dil ve e\u011fitim s\u00fcrecine g\u00f6re de\u011fi\u015fiklik g\u00f6sterebilir.<\/p>\n<\/div>\n<\/div>\n<\/div>\n<\/div>\n<\/div>\n<\/div>\n<\/div>\n<\/div>\n<\/section>\n<p>&nbsp;<\/p>\n<footer id=\"footer\" class=\"align-left light \">\n<div class=\"container\">\n<div class=\"row\">\n<div class=\"col-lg-4\"><\/div>\n<\/div>\n<\/div>\n<\/footer>\n<p>[\/vc_column_text]<\/p>\n<\/div><\/div><\/div>\n[\/vc_column][\/vc_row][vc_row][vc_column][vc_empty_space][\/vc_column][\/vc_row]<\/p>\n","protected":false},"excerpt":{"rendered":"<p>[vc_row content_placement=&#8221;bottom&#8221; parallax=&#8221;enable_parallax&#8221; css=&#8221;.vc_custom_1611649201518{padding-top: 280px !important;background-image: url(https:\/\/www.amerikandiliedebiyati.com\/wp-content\/uploads\/2021\/01\/slide-dmeo.jpg?id=6982) !important;background-position: 0 0;background-repeat:-repeat;}&#8221;][vc_column width=&#8221;2\/3&#8243; css=&#8221;.vc_custom_1533038530979{margin-bottom: -5px !important;padding-top: 60px&#8230;<\/p>\n","protected":false},"author":1,"featured_media":0,"parent":0,"menu_order":0,"comment_status":"closed","ping_status":"closed","template":"","meta":{"_joinchat":[],"footnotes":""},"class_list":["post-7152","page","type-page","status-publish","hentry"],"_links":{"self":[{"href":"https:\/\/elitekampus.com\/index.php?rest_route=\/wp\/v2\/pages\/7152","targetHints":{"allow":["GET"]}}],"collection":[{"href":"https:\/\/elitekampus.com\/index.php?rest_route=\/wp\/v2\/pages"}],"about":[{"href":"https:\/\/elitekampus.com\/index.php?rest_route=\/wp\/v2\/types\/page"}],"author":[{"embeddable":true,"href":"https:\/\/elitekampus.com\/index.php?rest_route=\/wp\/v2\/users\/1"}],"replies":[{"embeddable":true,"href":"https:\/\/elitekampus.com\/index.php?rest_route=%2Fwp%2Fv2%2Fcomments&post=7152"}],"version-history":[{"count":5,"href":"https:\/\/elitekampus.com\/index.php?rest_route=\/wp\/v2\/pages\/7152\/revisions"}],"predecessor-version":[{"id":9356,"href":"https:\/\/elitekampus.com\/index.php?rest_route=\/wp\/v2\/pages\/7152\/revisions\/9356"}],"wp:attachment":[{"href":"https:\/\/elitekampus.com\/index.php?rest_route=%2Fwp%2Fv2%2Fmedia&parent=7152"}],"curies":[{"name":"wp","href":"https:\/\/api.w.org\/{rel}","templated":true}]}}